 t = -94, 4*t - f = -0*b - b. What is the greatest common divisor of b and 184?
46
Let k = -86 + 141. Let d be (84/(-8))/((-1)/2). Let a = -10 + d. Calculate the greatest common divisor of k and a.
11
Suppose -98*n - 840 = -106*n. What is the greatest common divisor of n and 45?
15
Let t(s) = 4 + 0*s + 0 - 2*s + 3*s. Let q be t(7). Calculate the highest common factor of q and 121.
11
Let y be (0 + 1 - 0)*-2. Let f be y + 2 + (-8)/(-4). Suppose 0 = -s + 4*o + 2, 0 = 2*s + o + 2*o - 59. Calculate the greatest common divisor of f and s.
2
Suppose -3*p + 2*d = -1087, -1 = 5*d - 6. Suppose 7*l = p - 13. Calculate the greatest common factor of 25 and l.
25
Let u(l) be the second derivative of 7*l**3/3 + l**2 - 17*l. Let o be u(2). What is the highest common divisor of 50 and o?
10
Suppose -4590 - 975 = -53*s. Let w = 35 - 20. What is the highest common divisor of s and w?
15
Suppose 0 = -3*f + 6*f - 459. What is the greatest common factor of f and 68?
17
Suppose 26*y - 2166 = 20*y. Calculate the greatest common divisor of y and 38.
19
Let g(v) = -8*v**3 - 17*v**2 - 11*v - 9. Let k be g(-5). What is the highest common factor of 46 and k?
23
Suppose 3*n - 8*n + 110 = f, 2*f = 4*n + 178. Let s be 16/(-12) - 1/(-3). Let b be 1 - -17 - (0 + s). What is the highest common factor of f and b?
19
Let d = 16 + -6. Suppose 0 = 2*l - 24 - d. Let c = 145 + -9. What is the highest common factor of l and c?
17
Let r = 1388 + -1163. Calculate the greatest common divisor of 180 and r.
45
Let t(x) = 3*x**2 + 18*x - 180. Let a be t(6). Suppose h - 8 = -2*g + 6, 5*h - 5*g = 145. Calculate the greatest common factor of h and a.
12
Let t(w) = -2*w**2 + 19*w + 6. Let f be t(9). Suppose -4*n + f + 21 = 0. What is the greatest common factor of 27 and n?
9
Let u be 5/5 + (55 - -8). Calculate the highest common factor of u and 832.
64
Let g(f) = -7 + 4*f + 4*f + f**2 - 7*f. Let j be g(0). Let t = 10 + j. What is the greatest common factor of 15 and t?
3
Suppose 4*s - 138 = 2*h, 9 = h - 4*h. Let z = 32 + s. What is the highest common divisor of 13 and z?
13
Let s be -2 + (20/40 - 69/(-2)). What is the highest common factor of 55 and s?
11
Let t be 0 + ((-12)/(-8))/(9/12). Let o = t - -3. Calculate the greatest common factor of 2 and o.
1
Suppose -y = -4*y + 2*n + 28, 2*n + 34 = 4*y. What is the highest common factor of y and 174?
6
Let w(g) = -20*g + 84 + 95 - 203. Let a be w(-12). What is the greatest common divisor of a and 36?
36
Suppose 2*g = -2*o + 16, 2*o = -3*g + 2*g + 12. Suppose 2*m - g*m = -32. What is the greatest common divisor of 4 and m?
4
Let k = -326 - -851. What is the highest common factor of k and 25?
25
Let h = -1298 + 1494. What is the highest common divisor of h and 4?
4
Suppose 5*s - 3*h = 2*s + 114, 5*s - h - 198 = 0. Let j(l) = 34*l - 1. Let a be j(1). Suppose 3*i = -a + 93. What is the highest common divisor of s and i?
20
Let i = 54 - 25. Calculate the highest common divisor of 58 and i.
29
Suppose 11 - 5 = 3*q. Let t(y) = -5 + 2 - q + 4 - 56*y. Let c be t(-1). Calculate the highest common factor of c and 5.
5
Let f(v) = v**3 - v + 115. Let j(o) = -o**3 - 9*o**2 + 8*o - 20. Let x be j(-10). Let n be f(x). Calculate the greatest common divisor of 46 and n.
23
Let s be 2486/(-4)*(8 + -10). What is the greatest common divisor of 226 and s?
113
Suppose 2*y + 3*h - 91 = -20, 2*y = -4*h + 74. Let w = y + -122. Let s = w + 163. Calculate the highest common divisor of 8 and s.
8
Suppose -6*s - 4*s = -1920. Let g(p) = p**3 + 24. Let n be g(0). What is the greatest common divisor of n and s?
24
Let p = -384 + 416. Calculate the greatest common divisor of 160 and p.
32
Let a be 14 + (2 - 3) + -1. Let m = 182 - -52. Let h = 354 - m. What is the highest common factor of a and h?
12
Suppose 0 = 3*k - 66 + 21. What is the greatest common divisor of 6 and k?
3
Let l = -33 + 18. Let m = l - -16. Let t be 8*(4 + (-2 - m)). Calculate the greatest common divisor of 24 and t.
8
Suppose -2*x = 3*u - 342, -2*x + 4*u = -451 + 123. What is the highest common divisor of 231 and x?
21
Suppose 8*h - 3*u = 672, 3*h - 13*u - 252 = -12*u. Calculate the greatest common factor of 315 and h.
21
Suppose 5*d - 378 = -4*d. Suppose -5*z + 5*l = -0*l + 25, 0 = 4*z + l + 5. Let m be z - -1 - 1*-106. What is the greatest common divisor of d and m?
21
Let z(d) = d + 4. Suppose t + 0*t = 19. Suppose -23*q = -t*q - 28. Let u be z(q). What is the highest common factor of u and 11?
11
Let u = -10 - 10. Let r be 32/(-10)*u/8. Suppose -p + 9 = r. Calculate the greatest common factor of 7 and p.
1
Let d be (-8)/(-10)*(-45)/(-18). Suppose d*t = 4*s + 210, 5*t - 3*s = s + 525. What is the greatest common factor of t and 15?
15
Let w(m) = -2*m - 24. Let u be w(-14). Suppose u*q + d = 24, -q - 6 = -2*q - 4*d. What is the greatest common divisor of q and 2?
2
Let s = -376 - -379. What is the greatest common divisor of 23 and s?
1
Let p(y) = 3*y**3 - 10*y**2 - 4*y + 12. Let o be (-34)/(-8) - (-2)/(-8)*-3. Let q be p(o). What is the highest common factor of q and 13?
13
Let v(b) = -30*b + 1. Let x(k) = k**3 + k**2 - 2*k - 3. Let n be x(-2). Let u be v(n). Calculate the highest common divisor of u and 7.
7
Let p = -7 - -28. Suppose -16*q = -p*q + 650. Suppose o + 2*h = -0*o + 23, -4*h = -20. Calculate the greatest common divisor of o and q.
13
Let p be (4 - 9/(-5)) + 11/55. Calculate the greatest common divisor of p and 1008.
6
Let k be 1 - (-331)/6 - (-6)/(-36). Calculate the greatest common factor of 952 and k.
56
Let w(f) be the second derivative of f**4 - f**3/2 + 9*f**2/2 - 3*f. Let l be w(4). Calculate the greatest common factor of l and 27.
27
Let f(n) = n**3 + 9*n**2 - n - 5. Let y be f(-9). Suppose -7*p - y*a = -12*p + 6, -p = -2*a. Calculate the highest common factor of 1 and p.
1
Suppose z - 45 = k, -3*z - k + 131 = -0*k. Let r = z - 26. What is the greatest common divisor of 27 and r?
9
Let x be (-74)/(-1) + (-54)/(-6) + -5. What is the highest common divisor of 273 and x?
39
Let m(s) = -s**2 + 17*s - 7. Suppose 0 = 8*z - 11 - 61. Let i be m(z). Calculate the greatest common factor of i and 13.
13
Let a(g) = g**3 - 4*g**2 - 8*g + 4. Let i be a(8). Calculate the greatest common factor of 49 and i.
49
Let y be (-4)/30 - 17742/(-90) - 2. Calculate the greatest common divisor of 30 and y.
15
Suppose 10*a + t - 138 = 6*a, -2*a = -t - 72. What is the greatest common divisor of a and 14?
7
Suppose -4*q - 94 = 5*w, 3*q + 3 = -0. Let c be (14/21)/((-1)/w). Let t be (6/(-5))/(c/(-400)). Calculate the highest common divisor of t and 100.
20
Suppose -82 = -k + 3*j - 3, 5*j = k - 85. What is the highest common divisor of k and 105?
35
Suppose 8 = 3*d + 2*i - 2, 25 = -d + 5*i. Suppose 20*p - 21*p + 3 = d. Let g be ((-4)/(-5))/(2/5). Calculate the highest common divisor of p and g.
1
Let q = -258 - -292. Calculate the greatest common divisor of 578 and q.
34
Let x(c) = 6*c**3 - 34*c**2 - 10*c + 11. Let t be x(6). Calculate the greatest common factor of 23 and t.
23
Let v(l) = 36*l**2 + 2*l + 2. Let q be (-4)/6 - (-6)/(-18). Let o be v(q). Calculate the greatest common divisor of o and 24.
12
Let t = 1398 - 1380. Calculate the greatest common factor of 126 and t.
18
Suppose 5*j - 100 = -0*z - 3*z, 5*z - 4*j = 105. Calculate the highest common divisor of z and 50.
25
Suppose -5*b + 62 = -3*b - h, -b + 28 = h. Let l be (-4)/b - 182/(-15). Calculate the greatest common factor of l and 6.
6
Let v = 8844 - 5404. What is the highest common factor of v and 20?
20
Let u = -293 + 514. Let q = u - 111. Suppose -r - 5 = -15. What is the highest common divisor of q and r?
10
Suppose z - 2*z + n - 40 = 0, 5*z + 190 = 3*n. Let w = z - -56. What is the highest common divisor of 21 and w?
21
Suppose -5*p + 736 - 151 = 0. Let t = -207 + 220. What is the greatest common divisor of t and p?
13
Let v = -55 + 20. Let c = v - -36. Let x(q) = q**2 + 4*q - 3. Let r be x(-5). What is the greatest common divisor of r and c?
1
Let a(m) = -9*m**2 - 53*m + 13. Let u be a(-6). Calculate the highest common factor of 98 and u.
7
Suppose 2*v + 10 = 2*c, 5*c + 3*v + 15 = -0. Let f be 4/(10/25 + c). Let t = 31 - 21. What is the greatest common divisor of t and f?
10
Suppose 27*q - 226 + 10 = 0. What is the greatest common divisor of q and 